{"id":189,"date":"2022-07-13T00:00:51","date_gmt":"2022-07-12T22:00:51","guid":{"rendered":"https:\/\/oceanwp.org\/gym\/?page_id=189"},"modified":"2022-07-13T19:41:15","modified_gmt":"2022-07-13T17:41:15","slug":"a-propos","status":"publish","type":"page","link":"https:\/\/www.rousselconsulting.fr\/index.php\/a-propos\/","title":{"rendered":"A propos"},"content":{"rendered":"\t\t<div data-elementor-type=\"wp-page\" data-elementor-id=\"189\" class=\"elementor elementor-189\">\n\t\t\t\t\t\t\t\t\t<section class=\"elementor-section elementor-top-section elementor-element elementor-element-zmkisfp elementor-section-boxed elementor-section-height-default elementor-section-height-default\" data-id=\"zmkisfp\" data-element_type=\"section\">\n\t\t\t\t\t\t<div class=\"elementor-container elementor-column-gap-default\">\n\t\t\t\t\t<div class=\"elementor-column elementor-col-33 elementor-top-column elementor-element elementor-element-xhopvah\" data-id=\"xhopvah\" data-element_type=\"column\">\n\t\t\t<div class=\"elementor-widget-wrap elementor-element-populated\">\n\t\t\t\t\t\t\t\t<div class=\"elementor-element elementor-element-a35ab27 elementor-widget elementor-widget-image\" data-id=\"a35ab27\" data-element_type=\"widget\" data-widget_type=\"image.default\">\n\t\t\t\t<div class=\"elementor-widget-container\">\n\t\t\t\t\t\t\t\t\t\t\t\t\t\t\t<img decoding=\"async\" src=\"https:\/\/www.rousselconsulting.fr\/wp-content\/uploads\/2022\/02\/Flag_of_Germany.svg.png\" title=\"Flag_of_Germany.svg\" alt=\"Flag_of_Germany.svg\" loading=\"lazy\" \/>\t\t\t\t\t\t\t\t\t\t\t\t\t\t\t<\/div>\n\t\t\t\t<\/div>\n\t\t\t\t<div class=\"elementor-element elementor-element-7574e2e elementor-widget elementor-widget-image\" data-id=\"7574e2e\" data-element_type=\"widget\" data-widget_type=\"image.default\">\n\t\t\t\t<div class=\"elementor-widget-container\">\n\t\t\t\t\t\t\t\t\t\t\t\t\t\t\t<img decoding=\"async\" src=\"https:\/\/www.rousselconsulting.fr\/wp-content\/uploads\/2022\/02\/180px-Flag_of_Spain.svg.png\" title=\"180px-Flag_of_Spain.svg\" alt=\"180px-Flag_of_Spain.svg\" loading=\"lazy\" \/>\t\t\t\t\t\t\t\t\t\t\t\t\t\t\t<\/div>\n\t\t\t\t<\/div>\n\t\t\t\t<div class=\"elementor-element elementor-element-070b0ff elementor-widget elementor-widget-image\" data-id=\"070b0ff\" data-element_type=\"widget\" data-widget_type=\"image.default\">\n\t\t\t\t<div class=\"elementor-widget-container\">\n\t\t\t\t\t\t\t\t\t\t\t\t\t\t\t<img decoding=\"async\" src=\"https:\/\/www.rousselconsulting.fr\/wp-content\/uploads\/2022\/02\/180px-Flag_of_Austria.svg.png\" title=\"180px-Flag_of_Austria.svg\" alt=\"180px-Flag_of_Austria.svg\" loading=\"lazy\" \/>\t\t\t\t\t\t\t\t\t\t\t\t\t\t\t<\/div>\n\t\t\t\t<\/div>\n\t\t\t\t<div class=\"elementor-element elementor-element-67646f8 elementor-widget elementor-widget-image\" data-id=\"67646f8\" data-element_type=\"widget\" data-widget_type=\"image.default\">\n\t\t\t\t<div class=\"elementor-widget-container\">\n\t\t\t\t\t\t\t\t\t\t\t\t\t\t\t<img decoding=\"async\" src=\"https:\/\/www.rousselconsulting.fr\/wp-content\/uploads\/2022\/02\/180px-Flag_of_Japan.svg.png\" title=\"180px-Flag_of_Japan.svg\" alt=\"180px-Flag_of_Japan.svg\" loading=\"lazy\" \/>\t\t\t\t\t\t\t\t\t\t\t\t\t\t\t<\/div>\n\t\t\t\t<\/div>\n\t\t\t\t<div class=\"elementor-element elementor-element-49dd656 elementor-widget elementor-widget-image\" data-id=\"49dd656\" data-element_type=\"widget\" data-widget_type=\"image.default\">\n\t\t\t\t<div class=\"elementor-widget-container\">\n\t\t\t\t\t\t\t\t\t\t\t\t\t\t\t<img decoding=\"async\" src=\"https:\/\/www.rousselconsulting.fr\/wp-content\/uploads\/2022\/02\/Flag_of_South_Korea.svg.png\" title=\"Flag_of_South_Korea.svg\" alt=\"Flag_of_South_Korea.svg\" loading=\"lazy\" \/>\t\t\t\t\t\t\t\t\t\t\t\t\t\t\t<\/div>\n\t\t\t\t<\/div>\n\t\t\t\t\t<\/div>\n\t\t<\/div>\n\t\t\t\t<div class=\"elementor-column elementor-col-33 elementor-top-column elementor-element elementor-element-oexsiwn\" data-id=\"oexsiwn\" data-element_type=\"column\">\n\t\t\t<div class=\"elementor-widget-wrap elementor-element-populated\">\n\t\t\t\t\t\t\t\t<div class=\"elementor-element elementor-element-p5cs9oh elementor-widget elementor-widget-heading\" data-id=\"p5cs9oh\" data-element_type=\"widget\" data-widget_type=\"heading.default\">\n\t\t\t\t<div class=\"elementor-widget-container\">\n\t\t\t<h2 class=\"elementor-heading-title elementor-size-default\">A propos<\/h2>\t\t<\/div>\n\t\t\t\t<\/div>\n\t\t\t\t<div class=\"elementor-element elementor-element-o1hzh7z elementor-widget elementor-widget-text-editor\" data-id=\"o1hzh7z\" data-element_type=\"widget\" data-widget_type=\"text-editor.default\">\n\t\t\t\t<div class=\"elementor-widget-container\">\n\t\t\t\t\t\t\t<p>Ing\u00e9nieur avec 35 ans d\u2019exp\u00e9riences internationales<br \/>6 langues pratiqu\u00e9es<\/p><p>Ingenieur mit 35 Jahren internationaler Erfahrung<br \/>6 gesprochene Sprachen<\/p><p>Connaissances particuli\u00e8res du Japon, de la Cor\u00e9e, de l\u2019Espagne, de l\u2019Allemagne, de l\u2019Autriche<\/p><p>Spezielle Kenntnisse \u00fcber Japan, Korea, Spanien, Deutschland, \u00d6sterreich<\/p><p>\u00a0<\/p><p><em>Souvent, nous ne sommes pas conscients de nos attitudes spontan\u00e9es et inh\u00e9rents \u00e0 notre culture. Dans certaines cultures, le contact relationnel prime sur la qualit\u00e9 et le prix. Si nous n\u2019avons pas r\u00e9ussi \u00e0 \u00e9tablir un contact, notre interlocuteur ne cherchera m\u00eame pas \u00e0 connaitre nos produits et prestations si nous ne lui inspirons pas confiance. Et comme dans de nombreuses cultures, on n\u2019exprime pas clairement son refus en disant non, la d\u00e9marche risque d\u2019\u00eatre sans suite\u2026<\/em><\/p><p><em>Oftmals sind wir uns unserer spontanen und kulturbedingten Handlungen nicht bewusst. In einigen Kulturen ist der pers\u00f6nliche Kontakt wichtiger als Qualit\u00e4t und Preis. Wenn es uns nicht gelungen ist, eine pers\u00f6nliche Beziehung herzustellen, wird unser Gespr\u00e4chspartner gar nicht erst an unseren Produkten und Dienstleistungen interessiert sein, weil er uns nicht vertraut. Und da in vielen Kulturen eine Absage nicht durch ein klares \u201eNein\u201c ausgedr\u00fcckt wird, k\u00f6nnten die Verhandlungen m\u00f6glicherweise erfolglos verlaufen\u2026<\/em><\/p>\t\t\t\t\t\t<\/div>\n\t\t\t\t<\/div>\n\t\t\t\t\t<\/div>\n\t\t<\/div>\n\t\t\t\t<div class=\"elementor-column elementor-col-33 elementor-top-column elementor-element elementor-element-trzegqp\" data-id=\"trzegqp\" data-element_type=\"column\">\n\t\t\t<div class=\"elementor-widget-wrap\">\n\t\t\t\t\t\t\t\t\t<\/div>\n\t\t<\/div>\n\t\t\t\t\t\t\t<\/div>\n\t\t<\/section>\n\t\t\t\t<section class=\"elementor-section elementor-top-section elementor-element elementor-element-etjgede elementor-section-boxed elementor-section-height-default elementor-section-height-default\" data-id=\"etjgede\" data-element_type=\"section\">\n\t\t\t\t\t\t<div class=\"elementor-container elementor-column-gap-default\">\n\t\t\t\t\t<div class=\"elementor-column elementor-col-33 elementor-top-column elementor-element elementor-element-iy3t4yi\" data-id=\"iy3t4yi\" data-element_type=\"column\">\n\t\t\t<div class=\"elementor-widget-wrap elementor-element-populated\">\n\t\t\t\t\t\t\t\t<div class=\"elementor-element elementor-element-hi8sl8b elementor-view-stacked elementor-shape-circle elementor-position-top elementor-mobile-position-top elementor-widget elementor-widget-icon-box\" data-id=\"hi8sl8b\" data-element_type=\"widget\" data-widget_type=\"icon-box.default\">\n\t\t\t\t<div class=\"elementor-widget-container\">\n\t\t\t\t\t<div class=\"elementor-icon-box-wrapper\">\n\t\t\t\t\t\t<div class=\"elementor-icon-box-icon\">\n\t\t\t\t<span  class=\"elementor-icon elementor-animation-\">\n\t\t\t\t<i aria-hidden=\"true\" class=\"fas fa-hammer\"><\/i>\t\t\t\t<\/span>\n\t\t\t<\/div>\n\t\t\t\t\t\t<div class=\"elementor-icon-box-content\">\n\t\t\t\t<h3 class=\"elementor-icon-box-title\">\n\t\t\t\t\t<span  >\n\t\t\t\t\t\tQuelques r\u00e9alisations\t\t\t\t\t<\/span>\n\t\t\t\t<\/h3>\n\t\t\t\t\t\t\t<\/div>\n\t\t<\/div>\n\t\t\t\t<\/div>\n\t\t\t\t<\/div>\n\t\t\t\t<div class=\"elementor-element elementor-element-0605fbf elementor-widget elementor-widget-text-editor\" data-id=\"0605fbf\" data-element_type=\"widget\" data-widget_type=\"text-editor.default\">\n\t\t\t\t<div class=\"elementor-widget-container\">\n\t\t\t\t\t\t\t<ul>\n \t<li>Cr\u00e9ation du bureau d\u2019\u00e9tudes, du laboratoire d\u2019essai et de l\u2019atelier prototypes : transfert de technologie d\u2019Allemagne en France ou de France en Allemagne<\/li><br>\n \t<li>D\u00e9veloppement de nouveaux produits en Allemagne (\u00e9quipes germanophones)<\/li><br>\n \t<li>Cr\u00e9ation d\u2019un p\u00f4le d\u2019expertise en acoustique franco-germano-italien pour r\u00e9soudre des probl\u00e8mes Qualit\u00e9 insolubles<\/li><br>\n \t<li>Responsabilit\u00e9 des relations (logistique\/qualit\u00e9\/R&amp;D) avec les clients export en Europe<\/li><br>\n \t<li>Responsabilit\u00e9 commerciale mondiale avec gestion de la logistique : approvisionnements \/exp\u00e9ditions sur 4 continents<\/li><br>\n \t<li>Mise en place de fournisseurs en Roumanie, en Cor\u00e9e et en Inde Pilotage d\u2019\u00e9quipes franco-americano-mexicano-sino-japonaises<\/li><br>\n \t<li>Sensibilisation et formation d\u2019\u00e9quipes monoculturelles pour d\u00e9velopper des projets multiculturels<\/li>\n<\/ul>\t\t\t\t\t\t<\/div>\n\t\t\t\t<\/div>\n\t\t\t\t<div class=\"elementor-element elementor-element-f500840 elementor-widget elementor-widget-icon-box\" data-id=\"f500840\" data-element_type=\"widget\" data-widget_type=\"icon-box.default\">\n\t\t\t\t<div class=\"elementor-widget-container\">\n\t\t\t\t\t<div class=\"elementor-icon-box-wrapper\">\n\t\t\t\t\t\t<div class=\"elementor-icon-box-icon\">\n\t\t\t\t<span  class=\"elementor-icon elementor-animation-\">\n\t\t\t\t\t\t\t\t<\/span>\n\t\t\t<\/div>\n\t\t\t\t\t\t<div class=\"elementor-icon-box-content\">\n\t\t\t\t<h3 class=\"elementor-icon-box-title\">\n\t\t\t\t\t<span  >\n\t\t\t\t\t\tEinige Referenzen\t\t\t\t\t<\/span>\n\t\t\t\t<\/h3>\n\t\t\t\t\t\t\t<\/div>\n\t\t<\/div>\n\t\t\t\t<\/div>\n\t\t\t\t<\/div>\n\t\t\t\t<div class=\"elementor-element elementor-element-0cad64b elementor-widget elementor-widget-text-editor\" data-id=\"0cad64b\" data-element_type=\"widget\" data-widget_type=\"text-editor.default\">\n\t\t\t\t<div class=\"elementor-widget-container\">\n\t\t\t\t\t\t\t<ul>\n \t<li>Aufbau eines Konstruktionsb\u00fcros, eines Testlabors und der Prototypenwerkstatt: Technologietransfer von Deutschland nach Frankreich oder von Frankreich nach Deutschland<\/li><br>\n \t<li>Entwicklung neuer Produkte in Deutschland (deutschsprachige Teams)<\/li><br>\n \t<li>Einrichtung eines franz\u00f6sisch-deutsch-italienischen<\/li><br>\n \t<li>Kompetenzzentrums f\u00fcr Akustik zur L\u00f6sung unl\u00f6sbarer Qualit\u00e4tsprobleme<\/li><br>\n \t<li>Verantwortung f\u00fcr die Beziehungen (Logistik \/ Qualit\u00e4t \/ R&amp;D) zu Exportkunden in Europa\nWeltweite<\/li><br>\n <li>Vertriebsverantwortung mit Logistikmanagement: Beschaffung \/ Versand auf 4 Kontinente\nLieferantenauswahl in Rum\u00e4nien, Korea und Indien<\/li><br>\n \t<li>Teamleader von franz\u00f6sisch-amerikanisch-mexikanisch-chinesisch-japanischen Teams<\/li><br>\n \t<li>Sensibilisierung und Schulung monokultureller Teams bei der Entwicklung multikultureller ProjekteKompetenzen<\/li><br>\n<\/ul>\t\t\t\t\t\t<\/div>\n\t\t\t\t<\/div>\n\t\t\t\t\t<\/div>\n\t\t<\/div>\n\t\t\t\t<div class=\"elementor-column elementor-col-33 elementor-top-column elementor-element elementor-element-2pa4eoz\" data-id=\"2pa4eoz\" data-element_type=\"column\">\n\t\t\t<div class=\"elementor-widget-wrap elementor-element-populated\">\n\t\t\t\t\t\t\t\t<div class=\"elementor-element elementor-element-qbqfn14 elementor-view-stacked elementor-shape-circle elementor-position-top elementor-mobile-position-top elementor-widget elementor-widget-icon-box\" data-id=\"qbqfn14\" data-element_type=\"widget\" data-widget_type=\"icon-box.default\">\n\t\t\t\t<div class=\"elementor-widget-container\">\n\t\t\t\t\t<div class=\"elementor-icon-box-wrapper\">\n\t\t\t\t\t\t<div class=\"elementor-icon-box-icon\">\n\t\t\t\t<span  class=\"elementor-icon elementor-animation-\">\n\t\t\t\t<i aria-hidden=\"true\" class=\"fas fa-hiking\"><\/i>\t\t\t\t<\/span>\n\t\t\t<\/div>\n\t\t\t\t\t\t<div class=\"elementor-icon-box-content\">\n\t\t\t\t<h3 class=\"elementor-icon-box-title\">\n\t\t\t\t\t<span  >\n\t\t\t\t\t\tComp\u00e9tences\t\t\t\t\t<\/span>\n\t\t\t\t<\/h3>\n\t\t\t\t\t\t\t<\/div>\n\t\t<\/div>\n\t\t\t\t<\/div>\n\t\t\t\t<\/div>\n\t\t\t\t<div class=\"elementor-element elementor-element-75d50bc elementor-widget elementor-widget-text-editor\" data-id=\"75d50bc\" data-element_type=\"widget\" data-widget_type=\"text-editor.default\">\n\t\t\t\t<div class=\"elementor-widget-container\">\n\t\t\t\t\t\t\t<p>Comp\u00e9tences avec les pays suivants<\/p><p>Allemagne, Autriche, Belgique, Espagne, Italie, Portugal, Royaume-Uni, Su\u00e8de, Suisse, Bosnie-Herz\u00e9govine, Hongrie, R\u00e9publique Tch\u00e8que, Roumanie, Slovaquie, Slov\u00e9nie, Pologne, Russie, Turquie, Maroc, Tunisie, Chine, Cor\u00e9e, Inde, Japon, Australie, Argentine, Br\u00e9sil, Mexique, Canada, \u00c9tats-Unis<\/p>\t\t\t\t\t\t<\/div>\n\t\t\t\t<\/div>\n\t\t\t\t<div class=\"elementor-element elementor-element-5800ab0 elementor-widget elementor-widget-icon-box\" data-id=\"5800ab0\" data-element_type=\"widget\" data-widget_type=\"icon-box.default\">\n\t\t\t\t<div class=\"elementor-widget-container\">\n\t\t\t\t\t<div class=\"elementor-icon-box-wrapper\">\n\t\t\t\t\t\t<div class=\"elementor-icon-box-icon\">\n\t\t\t\t<span  class=\"elementor-icon elementor-animation-\">\n\t\t\t\t\t\t\t\t<\/span>\n\t\t\t<\/div>\n\t\t\t\t\t\t<div class=\"elementor-icon-box-content\">\n\t\t\t\t<h3 class=\"elementor-icon-box-title\">\n\t\t\t\t\t<span  >\n\t\t\t\t\t\tKompetenzen\t\t\t\t\t<\/span>\n\t\t\t\t<\/h3>\n\t\t\t\t\t\t\t<\/div>\n\t\t<\/div>\n\t\t\t\t<\/div>\n\t\t\t\t<\/div>\n\t\t\t\t<div class=\"elementor-element elementor-element-220e384 elementor-widget elementor-widget-text-editor\" data-id=\"220e384\" data-element_type=\"widget\" data-widget_type=\"text-editor.default\">\n\t\t\t\t<div class=\"elementor-widget-container\">\n\t\t\t\t\t\t\t<p>Kompetenzen mit folgenden L\u00e4ndern<br \/>Deutschland, \u00d6sterreich, Belgien, Spanien, Italien, Portugal, Vereinigtes K\u00f6nigreich, Schweden, Schweiz, Bosnien und Herzegowina, Ungarn, Tschechische Republik, Rum\u00e4nien, Slowakei, Slowenien, Polen, Russland, T\u00fcrkei, Marokko, Tunesien, China, Korea, Indien, Japan, Australien, Argentinien, Brasilien, Mexiko, Kanada, USA<\/p>\t\t\t\t\t\t<\/div>\n\t\t\t\t<\/div>\n\t\t\t\t\t<\/div>\n\t\t<\/div>\n\t\t\t\t<div class=\"elementor-column elementor-col-33 elementor-top-column elementor-element elementor-element-bictysq\" data-id=\"bictysq\" data-element_type=\"column\">\n\t\t\t<div class=\"elementor-widget-wrap elementor-element-populated\">\n\t\t\t\t\t\t\t\t<div class=\"elementor-element elementor-element-z7kcv3a elementor-view-stacked elementor-shape-circle elementor-position-top elementor-mobile-position-top elementor-widget elementor-widget-icon-box\" data-id=\"z7kcv3a\" data-element_type=\"widget\" data-widget_type=\"icon-box.default\">\n\t\t\t\t<div class=\"elementor-widget-container\">\n\t\t\t\t\t<div class=\"elementor-icon-box-wrapper\">\n\t\t\t\t\t\t<div class=\"elementor-icon-box-icon\">\n\t\t\t\t<span  class=\"elementor-icon elementor-animation-\">\n\t\t\t\t<i aria-hidden=\"true\" class=\"fas fa-wrench\"><\/i>\t\t\t\t<\/span>\n\t\t\t<\/div>\n\t\t\t\t\t\t<div class=\"elementor-icon-box-content\">\n\t\t\t\t<h3 class=\"elementor-icon-box-title\">\n\t\t\t\t\t<span  >\n\t\t\t\t\t\tExpertises\t\t\t\t\t<\/span>\n\t\t\t\t<\/h3>\n\t\t\t\t\t\t\t\t\t<p class=\"elementor-icon-box-description\">\n\t\t\t\t\t\t\n\n\t\t\t\t\t<\/p>\n\t\t\t\t\t\t\t<\/div>\n\t\t<\/div>\n\t\t\t\t<\/div>\n\t\t\t\t<\/div>\n\t\t\t\t<div class=\"elementor-element elementor-element-9da4779 elementor-widget elementor-widget-text-editor\" data-id=\"9da4779\" data-element_type=\"widget\" data-widget_type=\"text-editor.default\">\n\t\t\t\t<div class=\"elementor-widget-container\">\n\t\t\t\t\t\t\t<ul>\n \t<li>Commerce, Logistique, Projets, R&amp;D, Qualit\u00e9<\/li><br>\n \t<li>Direction de task-forces et d\u2019\u00e9quipes projet<\/li><br>\n \t<li>Cultures transfrontali\u00e8res, multi-sp\u00e9cialistes, multifonctions, verticales (hi\u00e9rarchiques)<\/li>\n<\/ul>\t\t\t\t\t\t<\/div>\n\t\t\t\t<\/div>\n\t\t\t\t<div class=\"elementor-element elementor-element-e3adba1 elementor-widget elementor-widget-icon-box\" data-id=\"e3adba1\" data-element_type=\"widget\" data-widget_type=\"icon-box.default\">\n\t\t\t\t<div class=\"elementor-widget-container\">\n\t\t\t\t\t<div class=\"elementor-icon-box-wrapper\">\n\t\t\t\t\t\t<div class=\"elementor-icon-box-icon\">\n\t\t\t\t<span  class=\"elementor-icon elementor-animation-\">\n\t\t\t\t\t\t\t\t<\/span>\n\t\t\t<\/div>\n\t\t\t\t\t\t<div class=\"elementor-icon-box-content\">\n\t\t\t\t<h3 class=\"elementor-icon-box-title\">\n\t\t\t\t\t<span  >\n\t\t\t\t\t\tExpertenwissen\t\t\t\t\t<\/span>\n\t\t\t\t<\/h3>\n\t\t\t\t\t\t\t<\/div>\n\t\t<\/div>\n\t\t\t\t<\/div>\n\t\t\t\t<\/div>\n\t\t\t\t<div class=\"elementor-element elementor-element-92e1e57 elementor-widget elementor-widget-text-editor\" data-id=\"92e1e57\" data-element_type=\"widget\" data-widget_type=\"text-editor.default\">\n\t\t\t\t<div class=\"elementor-widget-container\">\n\t\t\t\t\t\t\t<ul>\n \t<li>Vertrieb, Logistik, Projekte,R&amp;D, Qualit\u00e4t<\/li><br>\n \t<li>Management von Task Forces und Projektteams<\/li><br>\n \t<li>Grenz\u00fcberschreitender Umgang mit unterschiedlichen Kulturen, Multispezialist, multifunktionales Management, abteilungs- und hierarchie\u00fcbergreifende Beziehungen<\/li>\n<\/ul>\t\t\t\t\t\t<\/div>\n\t\t\t\t<\/div>\n\t\t\t\t\t<\/div>\n\t\t<\/div>\n\t\t\t\t\t\t\t<\/div>\n\t\t<\/section>\n\t\t\t\t\t\t\t<\/div>\n\t\t","protected":false},"excerpt":{"rendered":"<p>A propos Ing\u00e9nieur avec 35 ans d\u2019exp\u00e9riences internationales 6 langues pratiqu\u00e9es Ingenieur mit 35 Jahren internationaler Erfahrung 6 gesprochene Sprachen Connaissances particuli\u00e8res du Japon, de la Cor\u00e9e, de l\u2019Espagne, de l\u2019Allemagne, de l\u2019Autriche Spezielle Kenntnisse \u00fcber Japan, Korea, Spanien, Deutschland, \u00d6sterreich Souvent, nous ne sommes pas conscients de nos attitudes spontan\u00e9es et inh\u00e9rents \u00e0 notre [&hellip;]<\/p>\n","protected":false},"author":1,"featured_media":0,"parent":0,"menu_order":0,"comment_status":"closed","ping_status":"closed","template":"","meta":{"footnotes":""},"_links":{"self":[{"href":"https:\/\/www.rousselconsulting.fr\/index.php\/wp-json\/wp\/v2\/pages\/189"}],"collection":[{"href":"https:\/\/www.rousselconsulting.fr\/index.php\/wp-json\/wp\/v2\/pages"}],"about":[{"href":"https:\/\/www.rousselconsulting.fr\/index.php\/wp-json\/wp\/v2\/types\/page"}],"author":[{"embeddable":true,"href":"https:\/\/www.rousselconsulting.fr\/index.php\/wp-json\/wp\/v2\/users\/1"}],"replies":[{"embeddable":true,"href":"https:\/\/www.rousselconsulting.fr\/index.php\/wp-json\/wp\/v2\/comments?post=189"}],"version-history":[{"count":152,"href":"https:\/\/www.rousselconsulting.fr\/index.php\/wp-json\/wp\/v2\/pages\/189\/revisions"}],"predecessor-version":[{"id":1052,"href":"https:\/\/www.rousselconsulting.fr\/index.php\/wp-json\/wp\/v2\/pages\/189\/revisions\/1052"}],"wp:attachment":[{"href":"https:\/\/www.rousselconsulting.fr\/index.php\/wp-json\/wp\/v2\/media?parent=189"}],"curies":[{"name":"wp","href":"https:\/\/api.w.org\/{rel}","templated":true}]}}